{"id":2269,"date":"2024-11-17T19:37:35","date_gmt":"2024-11-17T18:37:35","guid":{"rendered":"https:\/\/www.muzejavnoj.ba\/?post_type=virtualna_tura&#038;p=2269"},"modified":"2024-11-17T20:46:40","modified_gmt":"2024-11-17T19:46:40","slug":"jajce","status":"publish","type":"virtualna_tura","link":"https:\/\/www.muzejavnoj.ba\/en\/virtualna_tura\/jajce\/","title":{"rendered":"Jajce"},"content":{"rendered":"\n<figure class=\"wp-block-image size-full\"><img loading=\"lazy\" decoding=\"async\" width=\"641\" height=\"499\" src=\"https:\/\/www.muzejavnoj.ba\/wp-content\/uploads\/10_Q_jajce.webp\" alt=\"\" class=\"wp-image-2512\"\/><\/figure>\n\n\n\n<p>Jajce, prijestolnica srednjovjekovne bosanske dr\u017eave u XV stolje\u0107u, o \u010dijoj slavnoj kraljevskoj pro\u0161losti svjedo\u010de citadela i kraljevski grb na njenom portalu, katakombe, toranj sv. Luke sa crkvom sv. Marije i drugi kulturno-historijski spomenici.<\/p>\n\n\n\n<p>Dr\u017eavotvorni zna\u010daj Jajca poprimio je novu dimenziju novembra 1943, kada su na Drugom zasjedanju AVNOJ-a utvr\u0111eni principi na kojima je ne\u0161to kasnije uspostavljena demokratska federativna zajednica jugoslovenskih naroda.<\/p>\n\n\n\n<p>U Jajcu po\u010divaju vijekovi koji umiju da pri\u010daju svoju povijest.<\/p>\n\n\n\n<p>Na drugom zasjedanju AVNOJ-a, na kojem su bili prisutni delegati iz svih krajeva zemlje osim iz Makedonije i Sand\u017eaka, postavljeni su temelji Jugoslavije kao demokratske i federativne dr\u017eave ravnopravnih naroda. Odluke AVNOJ-a, usvojene u Jajcu 29. i 30. novembra 1943. imale su sna\u017ean odjek u zemlji i inostranstvu. Njihovo sprovo\u0111enje predstavljalo je zna\u010dajan korak u izgra\u0111ivanju dr\u017eavne organizacije u jugoslovenskim i zemaljskim okvirima. One su pokazale svijetu da je NOP jedina snaga koja se u Jugoslaviji bori protiv fa\u0161izma i pozitivno su uticale na promjene u stavovima savezni\u010dkih sila prema oslobodila\u010dkoj borbi u Jugoslaviji.<\/p>\n","protected":false},"featured_media":0,"template":"","class_list":["post-2269","virtualna_tura","type-virtualna_tura","status-publish","hentry"],"acf":{"photo_gallery":{"galerija_za_vritualnu_turu":[[]]}},"_links":{"self":[{"href":"https:\/\/www.muzejavnoj.ba\/en\/wp-json\/wp\/v2\/virtualna_tura\/2269","targetHints":{"allow":["GET"]}}],"collection":[{"href":"https:\/\/www.muzejavnoj.ba\/en\/wp-json\/wp\/v2\/virtualna_tura"}],"about":[{"href":"https:\/\/www.muzejavnoj.ba\/en\/wp-json\/wp\/v2\/types\/virtualna_tura"}],"wp:attachment":[{"href":"https:\/\/www.muzejavnoj.ba\/en\/wp-json\/wp\/v2\/media?parent=2269"}],"curies":[{"name":"wp","href":"https:\/\/api.w.org\/{rel}","templated":true}]}}

<figure class="wp-block-image size-full"><img loading="lazy" decoding="async" width="641" height="499" src="https://www.muzejavnoj.ba/wp-content/uploads/10_Q_jajce.webp" alt="" class="wp-image-2512"/></figure>



<p>Jajce, prijestolnica srednjovjekovne bosanske države u XV stoljeću, o čijoj slavnoj kraljevskoj prošlosti svjedoče citadela i kraljevski grb na njenom portalu, katakombe, toranj sv. Luke sa crkvom sv. Marije i drugi kulturno-historijski spomenici.</p>



<p>Državotvorni značaj Jajca poprimio je novu dimenziju novembra 1943, kada su na Drugom zasjedanju AVNOJ-a utvrđeni principi na kojima je nešto kasnije uspostavljena demokratska federativna zajednica jugoslovenskih naroda.</p>



<p>U Jajcu počivaju vijekovi koji umiju da pričaju svoju povijest.</p>



<p>Na drugom zasjedanju AVNOJ-a, na kojem su bili prisutni delegati iz svih krajeva zemlje osim iz Makedonije i Sandžaka, postavljeni su temelji Jugoslavije kao demokratske i federativne države ravnopravnih naroda. Odluke AVNOJ-a, usvojene u Jajcu 29. i 30. novembra 1943. imale su snažan odjek u zemlji i inostranstvu. Njihovo sprovođenje predstavljalo je značajan korak u izgrađivanju državne organizacije u jugoslovenskim i zemaljskim okvirima. One su pokazale svijetu da je NOP jedina snaga koja se u Jugoslaviji bori protiv fašizma i pozitivno su uticale na promjene u stavovima savezničkih sila prema oslobodilačkoj borbi u Jugoslaviji.</p>
